inder when z is divided by 25.
23
Let l = 86 - 72. Calculate the remainder when 1 + (-1316)/(-12) + l/(-21) is divided by 32.
14
Suppose 6 = i + 5. Let q be i*2*214*(-7)/(-28). Suppose 0 = w + 4*w - 5, -2*w + q = 3*h. What is the remainder when h is divided by 9?
8
Suppose 0*r - 6*r - 108 = 0. Let i = 23 + r. Calculate the remainder when 1*-1*(2 - 15) is divided by i.
3
Suppose 0 = -2*f - 4*u + 50, -5*f + 51 = -2*u - 50. Let k be ((-44)/(-10))/(2/(-10)). What is the remainder when f is divided by (k/6)/(7/(-21))?
10
Let o(f) = -2*f + 24. Suppose -64 = 2*m - 0*m. Let r = -27 - m. Calculate the remainder when o(0) is divided by r.
4
Suppose -2*i = -19 - 25. Suppose 0 = -3*y - 4 + i. Let l = 65 - 25. What is the remainder when l is divided by y?
4
Let j(i) = -i**2 + 17*i + 13. Let n = -8015 + 8026. What is the remainder when j(9) is divided by n?
8
Let r(j) = -30*j - 2 + j**2 + 13*j + 4 + 6*j. Let a be r(11). Calculate the remainder when 83 is divided by (-43 - (-2)/a)/(8 - 10).
20
Let a(o) = 11*o - 42. Calculate the remainder when 688/18 + (-9 - 395/(-45)) is divided by a(5).
12
Let l = -11717 + 11740. Calculate the remainder when 185 is divided by l.
1
Suppose 0 = -3*z - 4*n + 933, 4*z + n - 946 = 324. What is the remainder when z is divided by 14?
11
Suppose -13 = -2*i - 2*z - 7, 6 = i - 2*z. Suppose -m - i = m, 3*s - m - 716 = 0. Calculate the remainder when s is divided by 60.
58
Suppose -2*v + 5 = 5*o, 9*v + 5*o = 167 - 127. Calculate the remainder when 164 is divided by v.
4
Suppose -3633 = -26*t + 19*t. Suppose -t*y + 380 = -509*y. What is the remainder when 114 is divided by y?
0
Let v be 0/(-7*(-6)/42). Let z = v - -28. What is the remainder when z is divided by 11?
6
Let h be -4 + 2 + -2 + 24. Let p = h + -16. Suppose -p*j = 6 - 14. Calculate the remainder when 8 is divided by j.
0
Let c(q) = -90*q - 2178. What is the remainder when c(-28) is divided by 26?
4
Let n(o) be the first derivative of o**4/4 + 16*o**3/3 - 13. Let j be n(-16). Calculate the remainder when 24 - j - (8 + -10) is divided by 4.
2
Suppose 5*b + 7 - 32 = 0, -2*b + 2 = -4*y. Suppose -5*s + 31 = 2*z - 10*s, y*z + 19 = -5*s. Calculate the remainder when 28/1 + 2/2 is divided by z.
2
Let r = -80 - -82. Suppose -319 = -r*y - 3*z - 0*z, 0 = z + 5. Calculate the remainder when y is divided by 21.
20
Suppose -3*d + 9 = -3*o, -2*o = 3*d + 15 - 4. Suppose 0 = -5*s + 23 + 12. What is the remainder when (-8 - d) + (23 - 4) is divided by s?
5
Let g(a) = 0*a + 11*a + 2 - 5. Suppose 2*r - 26 = 0, -11723*r - 208 = -5*k - 11724*r. What is the remainder when g(7) is divided by k?
35
Suppose -14 - 34 = -3*o - 3*l, -8 = 2*o - 3*l. Calculate the remainder when 8479 is divided by o.
7
Suppose 4*q + 1620 = 3*u, -q = 9*u + 646 - 5428. What is the remainder when 1067 is divided by u?
3
Let o(s) = s**2 + 5*s + 8. Let r be o(-3). Suppose -d = r*d - 9. Suppose d*m = 13*m - 280. What is the remainder when m is divided by 8?
4
Calculate the remainder when 11254360/9880 - (-1 + (-21)/(-19)) is divided by 31.
23
Suppose 5*f = -2*i + 5972, 48*f - i - 5954 = 43*f. What is the remainder when f is divided by 596?
0
Let t(r) = 6*r - 1. What is the remainder when (-1 + -2)*(-1388)/12 is divided by t(2)?
6
Let v(b) = 5385*b + 79. What is the remainder when v(2) is divided by 31?
30
Let b(l) = l**3 - 11*l**2 - 36*l + 52. Suppose -25*t + 60 = -21*t. What is the remainder when b(t) is divided by 46?
44
Let z(c) = 6*c**2 + 8. Suppose 3*g - u + 6 = 18, g = 5*u - 10. Calculate the remainder when z(g) is divided by 40.
38
Let n be 30/(-4)*(-504)/30*1. Suppose -3*y - 3*y = -n. Calculate the remainder when 70 is divided by y.
7
Let k = 5707 - 5686. Calculate the remainder when 97 is divided by k.
13
Let s be 6*((-10)/(-4) - -3). Let d be s + 12 + -1 + 4. Suppose -3*z + 5 = 5*v - 4*v, -2*z = -3*v + d. Calculate the remainder when 24 is divided by v.
10
Suppose 125*s - 111*s = -560. Suppose -2*m = -0*m - 136. Let z = s + m. What is the remainder when 82 is divided by z?
26
Let y = 50 + -4. Suppose -11616 = -7*o - 9*o. Suppose o*q + 12 = 727*q. What is the remainder when y is divided by q?
10
What is the remainder when 24/(-36)*(-44*14 - 2) is divided by 18?
16
Calculate the remainder when 202 is divided by 8*(9/((-54)/(-24)) + (0 - 2)).
10
Let t = -32 + 36. Let v = t + 43. Suppose 0 = -4*l + 5*c + 27, 4*c + 31 = 2*l + 5*c. What is the remainder when v is divided by l?
8
Let a = 7806 - 7787. Calculate the remainder when 6192 is divided by a.
17
Suppose -8*r + 270 = -3*r. Calculate the remainder when r is divided by (-26)/(-1) - ((10 - 3) + -9).
26
Calculate the remainder when 701 is divided by (4/5)/(292/1460).
1
Let d = 973 - 544. Calculate the remainder when d is divided by 217.
212
Suppose 259*o + 15 = 262*o. Suppose -7*c + 2*t + 139 = -4*c, o*t = c - 68. Calculate the remainder when c is divided by 9.
7
Let f = 1313 - 756. Let y = -538 + f. Calculate the remainder when y is divided by 7.
5
What is the remainder when 1418 is divided by 210/72 - 3 - 3031/(-84)?
14
Suppose 597 + 160 = 74*n + 165. What is the remainder when n is divided by 2?
0
Suppose o = 3*w + 12, -3*o + 2*w = -3*w - 28. Let l be (2/o - 0)/(33/7326). Suppose 26 = -r + l. What is the remainder when r is divided by 18?
12
Let k(g) = -10*g - 699. What is the remainder when 600 is divided by k(-78)?
33
Suppose 13*d + 501 = 12*d. Let k = -322 - d. Let t = -117 + k. Calculate the remainder when t is divided by 7.
6
Let i = 53 - 55. Suppose -8 = -3*f - 11. What is the remainder when 0 - (i + f - (7 - -27)) is divided by 15?
7
Let i(z) = -z**2 + 6*z. Let m be (-8)/(-10) + 1782/(-15). Let f = 125 + m. What is the remainder when f is divided by i(5)?
2
What is the remainder when 30/((1/(-7))/(42/(-84))) is divided by 5?
0
Suppose 0 = -0*g + 9*g - 45. Let f = 24 - g. Suppose 0 = i + 4*b - 16, -3*i - 3*b = -f - 11. What is the remainder when 45 is divided by i?
5
Let d = -8684 - -9790. Calculate the remainder when d is divided by 55.
6
Calculate the remainder when 645 is divided by ((-54)/(-15))/(-3 + (-1107)/(-360)).
21
Let z(v) = -9*v**3 + 12*v**2 + 90*v + 929. What is the remainder when z(-11) is divided by 22?
16
Suppose 0*s = 5*o + s - 1, -1 = -3*o - s. Suppose o = -r + 5, -12 = -3*a - 4*r + 80. Calculate the remainder when a is divided by 9.
6
Let x = -42 + 98. Suppose -3*l = -3*n - 36, -5*n + n + x = 4*l. Suppose l = 7*h - 43. What is the remainder when 13 is divided by h?
5
Suppose 13*c + 202 = 15*c. Let r = 120 - c. Let m(o) = o**2 - 18*o + 42. Calculate the remainder when m(r) is divided by 16.
13
Suppose 5*c = -0*c + 390. Let f = c - 26. Suppose -v + 18 = 2*y, -4*y - 70 - 2 = -4*v. What is the remainder when f is divided by v?
16
Let g(x) = -7*x**2 + 5*x + 13. Let y be g(-6). Let f = 396 + y. What is the remainder when f is divided by 43?
41
Let k = 17273 + -17252. Suppose 0 = -2*h - 2*u + 22 + 60, h - 2*u = 32. Calculate the remainder when h is divided by k.
17
Let y = 6 + -3. Suppose y*i + 16 = 7*i. What is the remainder when (-56 - -35)*1*(-1)/3 is divided by i?
3
Let c(u) = u**2 + 12*u - 196. Let r be c(-25). Suppose 121*q = r*q - 128. Calculate the remainder when 41 is divided by q.
9
Let d(f) = f**3 + 9*f**2 + 12*f + 20. Let w be d(-6). Calculate the remainder when (10/(-35))/((-2)/w) is divided by 5.
3
Let n = 304 + -180. Suppose -n - 31 = -4*u + 5*m, 3*u - 115 = 4*m. What is the remainder when u is divided by 24?
21
Suppose 0*d - 5*d = -50. Suppose -2 = -d*j + 9*j. Calculate the remainder when 10 is divided by j.
0
Let n = 488 - 229. Suppose f + f = -5*d + n, 5*d - 137 = -f. Let u = 164 - 122. What is the remainder when f is divided by u?
38
Suppose -5*m + 15 = 0, -4*k + 2*m = -6*k - 62. Calculate the remainder when 78 is divided by (k/1)/(-2) - (-5 - -7).
3
Let l = 4865 - 4491. What is the remainder when l is divided by 122?
8
Let w = -113 + 131. Suppose -42*j + 2257 = -2111. What is the remainder when j is divided by w?
14
Suppose -103*r = -116*r + 2210. What is the remainder when 334 is divided by r?
164
Let w(y) = 1 + 2*y + 58*y**2 - 2*y. Let x = -4262 + 4292. Calculate the remainder when w(1) is divided by x.
29
Suppose -5*l - 30 = -10*l, -5*l - 280 = -2*r. Calculate the remainder when 530 is divided by r.
65
Let t be (7 - 117/18)